{"id":71,"date":"2025-05-07T11:52:32","date_gmt":"2025-05-07T08:52:32","guid":{"rendered":"http:\/\/www.lemlimited.com\/?page_id=71"},"modified":"2025-07-16T12:38:30","modified_gmt":"2025-07-16T09:38:30","slug":"referanslarimiz","status":"publish","type":"page","link":"http:\/\/www.lemlimited.com\/index.php\/referanslarimiz\/","title":{"rendered":"Referanslar\u0131m\u0131z"},"content":{"rendered":"\t\t<div data-elementor-type=\"wp-page\" data-elementor-id=\"71\" class=\"elementor elementor-71\" data-elementor-post-type=\"page\">\n\t\t\t\t<div class=\"elementor-element elementor-element-5afa9933 e-con-full e-flex e-con e-parent\" data-id=\"5afa9933\" data-element_type=\"container\" data-settings=\"{&quot;background_background&quot;:&quot;classic&quot;}\">\n\t\t<div class=\"elementor-element elementor-element-2afe274a e-flex e-con-boxed e-con e-child\" data-id=\"2afe274a\" data-element_type=\"container\">\n\t\t\t\t\t<div class=\"e-con-inner\">\n\t\t<div class=\"elementor-element elementor-element-61f8f9c6 e-con-full e-flex e-con e-child\" data-id=\"61f8f9c6\" data-element_type=\"container\">\n\t\t\t\t<div class=\"elementor-element elementor-element-4f88431a elementor-widget elementor-widget-heading\" data-id=\"4f88431a\" data-element_type=\"widget\" data-widget_type=\"heading.default\">\n\t\t\t\t<div class=\"elementor-widget-container\">\n\t\t\t\t\t<h1 class=\"elementor-heading-title elementor-size-default\">Referanslar\u0131m\u0131z<\/h1>\t\t\t\t<\/div>\n\t\t\t\t<\/div>\n\t\t\t\t<\/div>\n\t\t\t\t\t<\/div>\n\t\t\t\t<\/div>\n\t\t\t\t<\/div>\n\t\t<div class=\"elementor-element elementor-element-3f8cdd5c e-flex e-con-boxed e-con e-parent\" data-id=\"3f8cdd5c\" data-element_type=\"container\">\n\t\t\t\t\t<div class=\"e-con-inner\">\n\t\t<div class=\"elementor-element elementor-element-6077271a e-con-full e-flex e-con e-child\" data-id=\"6077271a\" data-element_type=\"container\">\n\t\t<div class=\"elementor-element elementor-element-600e91f3 e-con-full e-flex e-con e-child\" data-id=\"600e91f3\" data-element_type=\"container\">\n\t\t<div class=\"elementor-element elementor-element-6ef4fc0c e-con-full e-flex e-con e-child\" data-id=\"6ef4fc0c\" data-element_type=\"container\">\n\t\t\t\t<div class=\"elementor-element elementor-element-477ae08c elementor-widget elementor-widget-text-editor\" data-id=\"477ae08c\" data-element_type=\"widget\" data-widget_type=\"text-editor.default\">\n\t\t\t\t<div class=\"elementor-widget-container\">\n\t\t\t\t\t\t\t\t\t<p>Baz\u0131 firmalar m\u00fc\u015fterilerimizi arayarak rahats\u0131z ettiklerinden dolay\u0131 referanslar\u0131m\u0131z gerekli g\u00f6r\u00fcld\u00fc\u011f\u00fc taktirde ciddi firmalarla payla\u015f\u0131lacakt\u0131r.<\/p>\t\t\t\t\t\t\t\t<\/div>\n\t\t\t\t<\/div>\n\t\t\t\t<\/div>\n\t\t\t\t<\/div>\n\t\t\t\t<\/div>\n\t\t<div class=\"elementor-element elementor-element-20ae5a78 e-con-full e-flex elementor-invisible e-con e-child\" data-id=\"20ae5a78\" data-element_type=\"container\" data-settings=\"{&quot;background_background&quot;:&quot;classic&quot;,&quot;animation&quot;:&quot;fadeInLeft&quot;}\">\n\t\t\t\t<\/div>\n\t\t\t\t\t<\/div>\n\t\t\t\t<\/div>\n\t\t\t\t<\/div>\n\t\t","protected":false},"excerpt":{"rendered":"<p>Referanslar\u0131m\u0131z Baz\u0131 firmalar m\u00fc\u015fterilerimizi arayarak rahats\u0131z ettiklerinden dolay\u0131 referanslar\u0131m\u0131z gerekli g\u00f6r\u00fcld\u00fc\u011f\u00fc taktirde ciddi firmalarla payla\u015f\u0131lacakt\u0131r.<\/p>\n","protected":false},"author":1,"featured_media":0,"parent":0,"menu_order":0,"comment_status":"closed","ping_status":"closed","template":"","meta":{"footnotes":""},"class_list":["post-71","page","type-page","status-publish","hentry"],"_links":{"self":[{"href":"http:\/\/www.lemlimited.com\/index.php\/wp-json\/wp\/v2\/pages\/71","targetHints":{"allow":["GET"]}}],"collection":[{"href":"http:\/\/www.lemlimited.com\/index.php\/wp-json\/wp\/v2\/pages"}],"about":[{"href":"http:\/\/www.lemlimited.com\/index.php\/wp-json\/wp\/v2\/types\/page"}],"author":[{"embeddable":true,"href":"http:\/\/www.lemlimited.com\/index.php\/wp-json\/wp\/v2\/users\/1"}],"replies":[{"embeddable":true,"href":"http:\/\/www.lemlimited.com\/index.php\/wp-json\/wp\/v2\/comments?post=71"}],"version-history":[{"count":10,"href":"http:\/\/www.lemlimited.com\/index.php\/wp-json\/wp\/v2\/pages\/71\/revisions"}],"predecessor-version":[{"id":1707,"href":"http:\/\/www.lemlimited.com\/index.php\/wp-json\/wp\/v2\/pages\/71\/revisions\/1707"}],"wp:attachment":[{"href":"http:\/\/www.lemlimited.com\/index.php\/wp-json\/wp\/v2\/media?parent=71"}],"curies":[{"name":"wp","href":"https:\/\/api.w.org\/{rel}","templated":true}]}}