{"id":557,"date":"2025-05-17T23:08:49","date_gmt":"2025-05-17T20:08:49","guid":{"rendered":"http:\/\/www.lemlimited.com\/?page_id=557"},"modified":"2025-07-16T11:58:49","modified_gmt":"2025-07-16T08:58:49","slug":"araba-disli-ve-parcalari","status":"publish","type":"page","link":"http:\/\/www.lemlimited.com\/index.php\/araba-disli-ve-parcalari\/","title":{"rendered":"Araba Di\u015fli ve Par\u00e7alar\u0131"},"content":{"rendered":"\t\t<div data-elementor-type=\"wp-page\" data-elementor-id=\"557\" class=\"elementor elementor-557\" data-elementor-post-type=\"page\">\n\t\t\t\t<div class=\"elementor-element elementor-element-574aeba4 e-con-full e-flex e-con e-parent\" data-id=\"574aeba4\" data-element_type=\"container\" data-settings=\"{&quot;background_background&quot;:&quot;classic&quot;}\">\n\t\t<div class=\"elementor-element elementor-element-413e4421 e-flex e-con-boxed e-con e-child\" data-id=\"413e4421\" data-element_type=\"container\">\n\t\t\t\t\t<div class=\"e-con-inner\">\n\t\t<div class=\"elementor-element elementor-element-16ebdf61 e-con-full e-flex e-con e-child\" data-id=\"16ebdf61\" data-element_type=\"container\">\n\t\t\t\t<div class=\"elementor-element elementor-element-1a445b3d elementor-widget elementor-widget-heading\" data-id=\"1a445b3d\" data-element_type=\"widget\" data-widget_type=\"heading.default\">\n\t\t\t\t<div class=\"elementor-widget-container\">\n\t\t\t\t\t<h1 class=\"elementor-heading-title elementor-size-default\">Araba Di\u015fli ve Par\u00e7alar\u0131<\/h1>\t\t\t\t<\/div>\n\t\t\t\t<\/div>\n\t\t\t\t<\/div>\n\t\t\t\t\t<\/div>\n\t\t\t\t<\/div>\n\t\t\t\t<\/div>\n\t\t<div class=\"elementor-element elementor-element-8803dba e-flex e-con-boxed e-con e-parent\" data-id=\"8803dba\" data-element_type=\"container\">\n\t\t\t\t\t<div class=\"e-con-inner\">\n\t\t<div class=\"elementor-element elementor-element-ed120c0 e-con-full e-flex e-con e-child\" data-id=\"ed120c0\" data-element_type=\"container\">\n\t\t\t\t<div class=\"elementor-element elementor-element-5daa31ab elementor-widget elementor-widget-image\" data-id=\"5daa31ab\" data-element_type=\"widget\" data-widget_type=\"image.default\">\n\t\t\t\t<div class=\"elementor-widget-container\">\n\t\t\t\t\t\t\t\t\t\t\t\t\t\t\t<img fetchpriority=\"high\" decoding=\"async\" width=\"1508\" height=\"1959\" src=\"http:\/\/www.lemlimited.com\/wp-content\/uploads\/2025\/05\/oto-parca.png\" class=\"attachment-full size-full wp-image-813\" alt=\"\" srcset=\"http:\/\/www.lemlimited.com\/wp-content\/uploads\/2025\/05\/oto-parca.png 1508w, http:\/\/www.lemlimited.com\/wp-content\/uploads\/2025\/05\/oto-parca-231x300.png 231w, http:\/\/www.lemlimited.com\/wp-content\/uploads\/2025\/05\/oto-parca-788x1024.png 788w, http:\/\/www.lemlimited.com\/wp-content\/uploads\/2025\/05\/oto-parca-768x998.png 768w, http:\/\/www.lemlimited.com\/wp-content\/uploads\/2025\/05\/oto-parca-1182x1536.png 1182w\" sizes=\"(max-width: 1508px) 100vw, 1508px\" \/>\t\t\t\t\t\t\t\t\t\t\t\t\t\t\t<\/div>\n\t\t\t\t<\/div>\n\t\t\t\t<\/div>\n\t\t\t\t\t<\/div>\n\t\t\t\t<\/div>\n\t\t\t\t<\/div>\n\t\t","protected":false},"excerpt":{"rendered":"<p>Araba Di\u015fli ve Par\u00e7alar\u0131<\/p>\n","protected":false},"author":1,"featured_media":0,"parent":0,"menu_order":0,"comment_status":"closed","ping_status":"closed","template":"","meta":{"footnotes":""},"class_list":["post-557","page","type-page","status-publish","hentry"],"_links":{"self":[{"href":"http:\/\/www.lemlimited.com\/index.php\/wp-json\/wp\/v2\/pages\/557","targetHints":{"allow":["GET"]}}],"collection":[{"href":"http:\/\/www.lemlimited.com\/index.php\/wp-json\/wp\/v2\/pages"}],"about":[{"href":"http:\/\/www.lemlimited.com\/index.php\/wp-json\/wp\/v2\/types\/page"}],"author":[{"embeddable":true,"href":"http:\/\/www.lemlimited.com\/index.php\/wp-json\/wp\/v2\/users\/1"}],"replies":[{"embeddable":true,"href":"http:\/\/www.lemlimited.com\/index.php\/wp-json\/wp\/v2\/comments?post=557"}],"version-history":[{"count":7,"href":"http:\/\/www.lemlimited.com\/index.php\/wp-json\/wp\/v2\/pages\/557\/revisions"}],"predecessor-version":[{"id":1548,"href":"http:\/\/www.lemlimited.com\/index.php\/wp-json\/wp\/v2\/pages\/557\/revisions\/1548"}],"wp:attachment":[{"href":"http:\/\/www.lemlimited.com\/index.php\/wp-json\/wp\/v2\/media?parent=557"}],"curies":[{"name":"wp","href":"https:\/\/api.w.org\/{rel}","templated":true}]}}